{"id":10367,"date":"2024-05-20T15:54:36","date_gmt":"2024-05-20T15:54:36","guid":{"rendered":"https:\/\/studioffm.it\/?page_id=10367"},"modified":"2024-07-23T10:49:19","modified_gmt":"2024-07-23T09:49:19","slug":"blog-news","status":"publish","type":"page","link":"https:\/\/studioffm.it\/index.php\/blog-news\/","title":{"rendered":"Blog\/News"},"content":{"rendered":"<div data-elementor-type=\"wp-page\" data-elementor-id=\"10367\" class=\"elementor elementor-10367\">\n\t\t\t\t<div class=\"elementor-element elementor-element-6684b1e e-flex e-con-boxed e-con e-parent\" data-id=\"6684b1e\" data-element_type=\"container\">\n\t\t\t\t\t<div class=\"e-con-inner\">\n\t\t\t\t<div class=\"elementor-element elementor-element-e4a80f5 elementor-widget elementor-widget-halstein_core_blog_list\" data-id=\"e4a80f5\" data-element_type=\"widget\" data-widget_type=\"halstein_core_blog_list.default\">\n\t\t\t\t<div class=\"elementor-widget-container\">\n\t\t\t\t\t<div class=\"qodef-shortcode qodef-m  qodef-blog qodef--list qodef-item-layout--standard qodef-grid qodef-layout--columns  qodef-gutter--normal qodef-col-num--3   qodef-item-layout--standard qodef--no-bottom-space qodef-pagination--off qodef-responsive--predefined\" data-options=\"{&quot;plugin&quot;:&quot;halstein_core&quot;,&quot;module&quot;:&quot;blog\\\/shortcodes&quot;,&quot;shortcode&quot;:&quot;blog-list&quot;,&quot;post_type&quot;:&quot;post&quot;,&quot;next_page&quot;:&quot;2&quot;,&quot;max_pages_num&quot;:1,&quot;behavior&quot;:&quot;columns&quot;,&quot;images_proportion&quot;:&quot;full&quot;,&quot;columns&quot;:&quot;3&quot;,&quot;columns_responsive&quot;:&quot;predefined&quot;,&quot;space&quot;:&quot;normal&quot;,&quot;posts_per_page&quot;:&quot;9&quot;,&quot;orderby&quot;:&quot;date&quot;,&quot;order&quot;:&quot;DESC&quot;,&quot;layout&quot;:&quot;standard&quot;,&quot;title_tag&quot;:&quot;h4&quot;,&quot;pagination_type&quot;:&quot;no-pagination&quot;,&quot;object_class_name&quot;:&quot;HalsteinCore_Blog_List_Shortcode&quot;,&quot;taxonomy_filter&quot;:&quot;category&quot;,&quot;additional_query_args&quot;:[],&quot;space_value&quot;:15}\">\n\t\t<div class=\"qodef-grid-inner clear\">\n\t\t<article class=\"qodef-e qodef-blog-item qodef-grid-item qodef-item--full post-10557 post type-post status-publish format-standard hentry category-blog\">\n\t<div class=\"qodef-e-inner\">\n\t\t<div class=\"qodef-e-media\">\n\t<\/div>\n\t\t<div class=\"qodef-e-content\">\n\t\t\t<div class=\"qodef-e-top-holder\">\n\t\t\t\t<div class=\"qodef-e-info\">\n\t\t\t\t\t<a itemprop=\"dateCreated\" href=\"https:\/\/studioffm.it\/index.php\/2024\/07\/\" class=\"entry-date \">\n\tLuglio 23, 2024<\/a><div class=\"qodef-info-separator-end\"><\/div>\n<a itemprop=\"author\" href=\"https:\/\/studioffm.it\/index.php\/author\/studio-ffm\/\" class=\"qodef-e-info-author\">\n\tBy\tutente Studio FFM<\/a>\n<div class=\"qodef-info-separator-end\"><\/div>\n<a href=\"https:\/\/studioffm.it\/index.php\/category\/blog\/\" rel=\"tag\">Blog<\/a><div class=\"qodef-info-separator-end\"><\/div>\n\t\t\t\t<\/div>\n\t\t\t<\/div>\n\t\t\t<div class=\"qodef-e-text\">\n\t\t\t\t<h4 itemprop=\"name\" class=\"qodef-e-title entry-title\" >\n\t<a itemprop=\"url\" class=\"qodef-e-title-link\" href=\"https:\/\/studioffm.it\/index.php\/2024\/07\/23\/il-diritto-di-recesso-nei-contratti-di-consumo-tutela-del-consumatore-e-limiti-per-il-venditore\/\">\n\t\tIl Diritto di Recesso nei Contratti di Consumo: Tutela del Consumatore e Limiti per il Venditore\t<\/a>\n<\/h4>\n\t\t<p itemprop=\"description\" class=\"qodef-e-excerpt\">Diritto di Recesso: Il diritto di recesso consente ai consumatori di annullare un contratto entro un certo periodo senza doverne specificare il motivo. Questo diritto \u00e8 particolar<\/p>\n\t\t\t\t\t<\/div>\n\t\t\t<div class=\"qodef-e-bottom-holder\">\n\t\t\t\t<div class=\"qodef-e-left\">\n\t\t\t\t\t\t<div class=\"qodef-e-read-more\">\n\t\t<a class=\"qodef-shortcode qodef-m  qodef-button qodef-layout--textual  qodef-html--link \" href=\"https:\/\/studioffm.it\/index.php\/2024\/07\/23\/il-diritto-di-recesso-nei-contratti-di-consumo-tutela-del-consumatore-e-limiti-per-il-venditore\/\" target=\"_self\"  >\t<span class=\"qodef-m-text\">Read More<\/span>\t<span class=\"qodef-m-icon\"><svg class=\"qodef-svg--button-arrow\" xmlns=\"http:\/\/www.w3.org\/2000\/svg\"     xmlns:xlink=\"http:\/\/www.w3.org\/1999\/xlink\" x=\"0px\" y=\"0px\" width=\"17\"     viewBox=\"0 0 17 20\" style=\"enable-background:new 0 0 17 20;\" xml:space=\"preserve\"><polyline class=\"qodef-m-arrow\" points=\"7.1,3.9 13,9.8 7.1,15.9 \"\/><rect class=\"qodef-m-line\"  width=\"1\" height=\"20\"\/><\/svg><\/span><\/a>\t<\/div>\n\t\t\t\t<\/div>\n\t\t\t\t<div class=\"qodef-e-right qodef-e-info\">\n\t\t\t\t\t<div class=\"qodef-e-info-item qodef-e-info-social-share\">\n\t<div class=\"qodef-shortcode qodef-m  qodef-social-share clear qodef-layout--text \">\t\t<ul class=\"qodef-shortcode-list\">\t\t<li class=\"qodef-facebook-share\">\t<a itemprop=\"url\" class=\"qodef-share-link\" href=\"#\" onclick=\"window.open(&#039;https:\/\/www.facebook.com\/sharer.php?u=https%3A%2F%2Fstudioffm.it%2Findex.php%2F2024%2F07%2F23%2Fil-diritto-di-recesso-nei-contratti-di-consumo-tutela-del-consumatore-e-limiti-per-il-venditore%2F&#039;, &#039;sharer&#039;, &#039;toolbar=0,status=0,width=620,height=280&#039;);\">\t\t\t\t\t<span class=\"qodef-social-network-text\">fb<\/span>\t\t\t<\/a><\/li><li class=\"qodef-twitter-share\">\t<a itemprop=\"url\" class=\"qodef-share-link\" href=\"#\" onclick=\"window.open(&#039;https:\/\/twitter.com\/intent\/tweet?text=Diritto+di+Recesso%3A+Il+diritto+di+recesso+consente+ai+consumatori+di+annullare+un+contratto++via+%40QodeInteractivehttps:\/\/studioffm.it\/index.php\/2024\/07\/23\/il-diritto-di-recesso-nei-contratti-di-consumo-tutela-del-consumatore-e-limiti-per-il-venditore\/&#039;, &#039;popupwindow&#039;, &#039;scrollbars=yes,width=800,height=400&#039;);\">\t\t\t\t\t<span class=\"qodef-social-network-text\">tw<\/span>\t\t\t<\/a><\/li><li class=\"qodef-linkedin-share\">\t<a itemprop=\"url\" class=\"qodef-share-link\" href=\"#\" onclick=\"popUp=window.open(&#039;https:\/\/linkedin.com\/shareArticle?mini=true&amp;url=https%3A%2F%2Fstudioffm.it%2Findex.php%2F2024%2F07%2F23%2Fil-diritto-di-recesso-nei-contratti-di-consumo-tutela-del-consumatore-e-limiti-per-il-venditore%2F&amp;title=Il+Diritto+di+Recesso+nei+Contratti+di+Consumo%3A+Tutela+del+Consumatore+e+Limiti+per+il+Venditore&#039;, &#039;popupwindow&#039;, &#039;scrollbars=yes,width=800,height=400&#039;);popUp.focus();return false;\">\t\t\t\t\t<span class=\"qodef-social-network-text\">ln<\/span>\t\t\t<\/a><\/li>\t<\/ul><\/div><\/div>\n\t\t\t\t<\/div>\n\t\t\t<\/div>\n\t\t<\/div>\n\t<\/div>\n<\/article>\n<article class=\"qodef-e qodef-blog-item qodef-grid-item qodef-item--full post-10555 post type-post status-publish format-standard hentry category-blog\">\n\t<div class=\"qodef-e-inner\">\n\t\t<div class=\"qodef-e-media\">\n\t<\/div>\n\t\t<div class=\"qodef-e-content\">\n\t\t\t<div class=\"qodef-e-top-holder\">\n\t\t\t\t<div class=\"qodef-e-info\">\n\t\t\t\t\t<a itemprop=\"dateCreated\" href=\"https:\/\/studioffm.it\/index.php\/2024\/07\/\" class=\"entry-date \">\n\tLuglio 23, 2024<\/a><div class=\"qodef-info-separator-end\"><\/div>\n<a itemprop=\"author\" href=\"https:\/\/studioffm.it\/index.php\/author\/studio-ffm\/\" class=\"qodef-e-info-author\">\n\tBy\tutente Studio FFM<\/a>\n<div class=\"qodef-info-separator-end\"><\/div>\n<a href=\"https:\/\/studioffm.it\/index.php\/category\/blog\/\" rel=\"tag\">Blog<\/a><div class=\"qodef-info-separator-end\"><\/div>\n\t\t\t\t<\/div>\n\t\t\t<\/div>\n\t\t\t<div class=\"qodef-e-text\">\n\t\t\t\t<h4 itemprop=\"name\" class=\"qodef-e-title entry-title\" >\n\t<a itemprop=\"url\" class=\"qodef-e-title-link\" href=\"https:\/\/studioffm.it\/index.php\/2024\/07\/23\/la-responsabilita-civile-del-medico-errori-risarcimenti-e-prospettive\/\">\n\t\tLa Responsabilit\u00e0 Civile del Medico: Errori, Risarcimenti e Prospettive\t<\/a>\n<\/h4>\n\t\t<p itemprop=\"description\" class=\"qodef-e-excerpt\">Introduzione: La responsabilit\u00e0 civile del medico \u00e8 un tema cruciale nel diritto sanitario. Quando un paziente subisce danni a causa di un errore medico, il medico pu\u00f2 essere ch<\/p>\n\t\t\t\t\t<\/div>\n\t\t\t<div class=\"qodef-e-bottom-holder\">\n\t\t\t\t<div class=\"qodef-e-left\">\n\t\t\t\t\t\t<div class=\"qodef-e-read-more\">\n\t\t<a class=\"qodef-shortcode qodef-m  qodef-button qodef-layout--textual  qodef-html--link \" href=\"https:\/\/studioffm.it\/index.php\/2024\/07\/23\/la-responsabilita-civile-del-medico-errori-risarcimenti-e-prospettive\/\" target=\"_self\"  >\t<span class=\"qodef-m-text\">Read More<\/span>\t<span class=\"qodef-m-icon\"><svg class=\"qodef-svg--button-arrow\" xmlns=\"http:\/\/www.w3.org\/2000\/svg\"     xmlns:xlink=\"http:\/\/www.w3.org\/1999\/xlink\" x=\"0px\" y=\"0px\" width=\"17\"     viewBox=\"0 0 17 20\" style=\"enable-background:new 0 0 17 20;\" xml:space=\"preserve\"><polyline class=\"qodef-m-arrow\" points=\"7.1,3.9 13,9.8 7.1,15.9 \"\/><rect class=\"qodef-m-line\"  width=\"1\" height=\"20\"\/><\/svg><\/span><\/a>\t<\/div>\n\t\t\t\t<\/div>\n\t\t\t\t<div class=\"qodef-e-right qodef-e-info\">\n\t\t\t\t\t<div class=\"qodef-e-info-item qodef-e-info-social-share\">\n\t<div class=\"qodef-shortcode qodef-m  qodef-social-share clear qodef-layout--text \">\t\t<ul class=\"qodef-shortcode-list\">\t\t<li class=\"qodef-facebook-share\">\t<a itemprop=\"url\" class=\"qodef-share-link\" href=\"#\" onclick=\"window.open(&#039;https:\/\/www.facebook.com\/sharer.php?u=https%3A%2F%2Fstudioffm.it%2Findex.php%2F2024%2F07%2F23%2Fla-responsabilita-civile-del-medico-errori-risarcimenti-e-prospettive%2F&#039;, &#039;sharer&#039;, &#039;toolbar=0,status=0,width=620,height=280&#039;);\">\t\t\t\t\t<span class=\"qodef-social-network-text\">fb<\/span>\t\t\t<\/a><\/li><li class=\"qodef-twitter-share\">\t<a itemprop=\"url\" class=\"qodef-share-link\" href=\"#\" onclick=\"window.open(&#039;https:\/\/twitter.com\/intent\/tweet?text=Introduzione%3A+La+responsabilit%C3%A0+civile+del+medico+%C3%A8+un+tema+cruciale+nel+diritto+sanitario.++via+%40QodeInteractivehttps:\/\/studioffm.it\/index.php\/2024\/07\/23\/la-responsabilita-civile-del-medico-errori-risarcimenti-e-prospettive\/&#039;, &#039;popupwindow&#039;, &#039;scrollbars=yes,width=800,height=400&#039;);\">\t\t\t\t\t<span class=\"qodef-social-network-text\">tw<\/span>\t\t\t<\/a><\/li><li class=\"qodef-linkedin-share\">\t<a itemprop=\"url\" class=\"qodef-share-link\" href=\"#\" onclick=\"popUp=window.open(&#039;https:\/\/linkedin.com\/shareArticle?mini=true&amp;url=https%3A%2F%2Fstudioffm.it%2Findex.php%2F2024%2F07%2F23%2Fla-responsabilita-civile-del-medico-errori-risarcimenti-e-prospettive%2F&amp;title=La+Responsabilit%C3%A0+Civile+del+Medico%3A+Errori%2C+Risarcimenti+e+Prospettive&#039;, &#039;popupwindow&#039;, &#039;scrollbars=yes,width=800,height=400&#039;);popUp.focus();return false;\">\t\t\t\t\t<span class=\"qodef-social-network-text\">ln<\/span>\t\t\t<\/a><\/li>\t<\/ul><\/div><\/div>\n\t\t\t\t<\/div>\n\t\t\t<\/div>\n\t\t<\/div>\n\t<\/div>\n<\/article>\n<article class=\"qodef-e qodef-blog-item qodef-grid-item qodef-item--full post-10552 post type-post status-publish format-standard hentry category-blog\">\n\t<div class=\"qodef-e-inner\">\n\t\t<div class=\"qodef-e-media\">\n\t<\/div>\n\t\t<div class=\"qodef-e-content\">\n\t\t\t<div class=\"qodef-e-top-holder\">\n\t\t\t\t<div class=\"qodef-e-info\">\n\t\t\t\t\t<a itemprop=\"dateCreated\" href=\"https:\/\/studioffm.it\/index.php\/2024\/07\/\" class=\"entry-date \">\n\tLuglio 23, 2024<\/a><div class=\"qodef-info-separator-end\"><\/div>\n<a itemprop=\"author\" href=\"https:\/\/studioffm.it\/index.php\/author\/studio-ffm\/\" class=\"qodef-e-info-author\">\n\tBy\tutente Studio FFM<\/a>\n<div class=\"qodef-info-separator-end\"><\/div>\n<a href=\"https:\/\/studioffm.it\/index.php\/category\/blog\/\" rel=\"tag\">Blog<\/a><div class=\"qodef-info-separator-end\"><\/div>\n\t\t\t\t<\/div>\n\t\t\t<\/div>\n\t\t\t<div class=\"qodef-e-text\">\n\t\t\t\t<h4 itemprop=\"name\" class=\"qodef-e-title entry-title\" >\n\t<a itemprop=\"url\" class=\"qodef-e-title-link\" href=\"https:\/\/studioffm.it\/index.php\/2024\/07\/23\/la-rivoluzione-del-pignoramento-presso-terzi-le-nuove-disposizioni-della-riforma-cartabia\/\">\n\t\tLa Rivoluzione del Pignoramento Presso Terzi: Le Nuove Disposizioni della Riforma Cartabia\t<\/a>\n<\/h4>\n\t\t<p itemprop=\"description\" class=\"qodef-e-excerpt\">A poco meno di un anno dalla entrata in vigore della riforma delle procedure civili, meglio conosciuta anche come \u201cRiforma Cartabia\u201d, il codice di rito viene ulteriormente rito<\/p>\n\t\t\t\t\t<\/div>\n\t\t\t<div class=\"qodef-e-bottom-holder\">\n\t\t\t\t<div class=\"qodef-e-left\">\n\t\t\t\t\t\t<div class=\"qodef-e-read-more\">\n\t\t<a class=\"qodef-shortcode qodef-m  qodef-button qodef-layout--textual  qodef-html--link \" href=\"https:\/\/studioffm.it\/index.php\/2024\/07\/23\/la-rivoluzione-del-pignoramento-presso-terzi-le-nuove-disposizioni-della-riforma-cartabia\/\" target=\"_self\"  >\t<span class=\"qodef-m-text\">Read More<\/span>\t<span class=\"qodef-m-icon\"><svg class=\"qodef-svg--button-arrow\" xmlns=\"http:\/\/www.w3.org\/2000\/svg\"     xmlns:xlink=\"http:\/\/www.w3.org\/1999\/xlink\" x=\"0px\" y=\"0px\" width=\"17\"     viewBox=\"0 0 17 20\" style=\"enable-background:new 0 0 17 20;\" xml:space=\"preserve\"><polyline class=\"qodef-m-arrow\" points=\"7.1,3.9 13,9.8 7.1,15.9 \"\/><rect class=\"qodef-m-line\"  width=\"1\" height=\"20\"\/><\/svg><\/span><\/a>\t<\/div>\n\t\t\t\t<\/div>\n\t\t\t\t<div class=\"qodef-e-right qodef-e-info\">\n\t\t\t\t\t<div class=\"qodef-e-info-item qodef-e-info-social-share\">\n\t<div class=\"qodef-shortcode qodef-m  qodef-social-share clear qodef-layout--text \">\t\t<ul class=\"qodef-shortcode-list\">\t\t<li class=\"qodef-facebook-share\">\t<a itemprop=\"url\" class=\"qodef-share-link\" href=\"#\" onclick=\"window.open(&#039;https:\/\/www.facebook.com\/sharer.php?u=https%3A%2F%2Fstudioffm.it%2Findex.php%2F2024%2F07%2F23%2Fla-rivoluzione-del-pignoramento-presso-terzi-le-nuove-disposizioni-della-riforma-cartabia%2F&#039;, &#039;sharer&#039;, &#039;toolbar=0,status=0,width=620,height=280&#039;);\">\t\t\t\t\t<span class=\"qodef-social-network-text\">fb<\/span>\t\t\t<\/a><\/li><li class=\"qodef-twitter-share\">\t<a itemprop=\"url\" class=\"qodef-share-link\" href=\"#\" onclick=\"window.open(&#039;https:\/\/twitter.com\/intent\/tweet?text=A+poco+meno+di+un+anno+dalla+entrata+in+vigore+della+riforma+delle+procedure+civili%2C+meglio++via+%40QodeInteractivehttps:\/\/studioffm.it\/index.php\/2024\/07\/23\/la-rivoluzione-del-pignoramento-presso-terzi-le-nuove-disposizioni-della-riforma-cartabia\/&#039;, &#039;popupwindow&#039;, &#039;scrollbars=yes,width=800,height=400&#039;);\">\t\t\t\t\t<span class=\"qodef-social-network-text\">tw<\/span>\t\t\t<\/a><\/li><li class=\"qodef-linkedin-share\">\t<a itemprop=\"url\" class=\"qodef-share-link\" href=\"#\" onclick=\"popUp=window.open(&#039;https:\/\/linkedin.com\/shareArticle?mini=true&amp;url=https%3A%2F%2Fstudioffm.it%2Findex.php%2F2024%2F07%2F23%2Fla-rivoluzione-del-pignoramento-presso-terzi-le-nuove-disposizioni-della-riforma-cartabia%2F&amp;title=La+Rivoluzione+del+Pignoramento+Presso+Terzi%3A+Le+Nuove+Disposizioni+della+Riforma+Cartabia&#039;, &#039;popupwindow&#039;, &#039;scrollbars=yes,width=800,height=400&#039;);popUp.focus();return false;\">\t\t\t\t\t<span class=\"qodef-social-network-text\">ln<\/span>\t\t\t<\/a><\/li>\t<\/ul><\/div><\/div>\n\t\t\t\t<\/div>\n\t\t\t<\/div>\n\t\t<\/div>\n\t<\/div>\n<\/article>\n\t<\/div>\n\t<\/div>\n\t\t\t\t<\/div>\n\t\t\t\t<\/div>\n\t\t\t\t\t<\/div>\n\t\t\t\t<\/div>\n\t\t\t\t<\/div>","protected":false},"excerpt":{"rendered":"<p>Luglio 23, 2024 By K7G Blog Il Diritto di Recesso nei Contratti di Consumo: Tutela del Consumatore e Limiti per il Venditore Diritto di Recesso: Il diritto di recesso consente ai consumatori di annullare un contratto entro un certo periodo senza doverne specificare il motivo. Questo diritto \u00e8 particolar Read More fb tw ln Luglio [&hellip;]<\/p>\n","protected":false},"author":1,"featured_media":0,"parent":0,"menu_order":0,"comment_status":"closed","ping_status":"closed","template":"","meta":{"footnotes":""},"class_list":["post-10367","page","type-page","status-publish","hentry"],"yoast_head":"<!-- This site is optimized with the Yoast SEO plugin v25.6 - https:\/\/yoast.com\/wordpress\/plugins\/seo\/ -->\n<title>Blog\/News - Studio Legale Trevi<\/title>\n<meta name=\"robots\" content=\"index, follow, max-snippet:-1, max-image-preview:large, max-video-preview:-1\" \/>\n<link rel=\"canonical\" href=\"https:\/\/studioffm.it\/index.php\/blog-news\/\" \/>\n<meta property=\"og:locale\" content=\"it_IT\" \/>\n<meta property=\"og:type\" content=\"article\" \/>\n<meta property=\"og:title\" content=\"Blog\/News - Studio Legale Trevi\" \/>\n<meta property=\"og:description\" content=\"Luglio 23, 2024 By K7G Blog Il Diritto di Recesso nei Contratti di Consumo: Tutela del Consumatore e Limiti per il Venditore Diritto di Recesso: Il diritto di recesso consente ai consumatori di annullare un contratto entro un certo periodo senza doverne specificare il motivo. Questo diritto \u00e8 particolar Read More fb tw ln Luglio [&hellip;]\" \/>\n<meta property=\"og:url\" content=\"https:\/\/studioffm.it\/index.php\/blog-news\/\" \/>\n<meta property=\"og:site_name\" content=\"Studio Legale Trevi\" \/>\n<meta property=\"article:modified_time\" content=\"2024-07-23T09:49:19+00:00\" \/>\n<meta name=\"twitter:card\" content=\"summary_large_image\" \/>\n<meta name=\"twitter:label1\" content=\"Tempo di lettura stimato\" \/>\n\t<meta name=\"twitter:data1\" content=\"1 minuto\" \/>\n<script type=\"application\/ld+json\" class=\"yoast-schema-graph\">{\"@context\":\"https:\/\/schema.org\",\"@graph\":[{\"@type\":\"WebPage\",\"@id\":\"https:\/\/studioffm.it\/index.php\/blog-news\/\",\"url\":\"https:\/\/studioffm.it\/index.php\/blog-news\/\",\"name\":\"Blog\/News - Studio Legale Trevi\",\"isPartOf\":{\"@id\":\"https:\/\/studioffm.it\/#website\"},\"datePublished\":\"2024-05-20T15:54:36+00:00\",\"dateModified\":\"2024-07-23T09:49:19+00:00\",\"breadcrumb\":{\"@id\":\"https:\/\/studioffm.it\/index.php\/blog-news\/#breadcrumb\"},\"inLanguage\":\"it-IT\",\"potentialAction\":[{\"@type\":\"ReadAction\",\"target\":[\"https:\/\/studioffm.it\/index.php\/blog-news\/\"]}]},{\"@type\":\"BreadcrumbList\",\"@id\":\"https:\/\/studioffm.it\/index.php\/blog-news\/#breadcrumb\",\"itemListElement\":[{\"@type\":\"ListItem\",\"position\":1,\"name\":\"Home\",\"item\":\"https:\/\/studioffm.it\/\"},{\"@type\":\"ListItem\",\"position\":2,\"name\":\"Blog\/News\"}]},{\"@type\":\"WebSite\",\"@id\":\"https:\/\/studioffm.it\/#website\",\"url\":\"https:\/\/studioffm.it\/\",\"name\":\"Studio Legale Trevi\",\"description\":\"\",\"potentialAction\":[{\"@type\":\"SearchAction\",\"target\":{\"@type\":\"EntryPoint\",\"urlTemplate\":\"https:\/\/studioffm.it\/?s={search_term_string}\"},\"query-input\":{\"@type\":\"PropertyValueSpecification\",\"valueRequired\":true,\"valueName\":\"search_term_string\"}}],\"inLanguage\":\"it-IT\"}]}<\/script>\n<!-- \/ Yoast SEO plugin. -->","yoast_head_json":{"title":"Blog\/News - Studio Legale Trevi","robots":{"index":"index","follow":"follow","max-snippet":"max-snippet:-1","max-image-preview":"max-image-preview:large","max-video-preview":"max-video-preview:-1"},"canonical":"https:\/\/studioffm.it\/index.php\/blog-news\/","og_locale":"it_IT","og_type":"article","og_title":"Blog\/News - Studio Legale Trevi","og_description":"Luglio 23, 2024 By K7G Blog Il Diritto di Recesso nei Contratti di Consumo: Tutela del Consumatore e Limiti per il Venditore Diritto di Recesso: Il diritto di recesso consente ai consumatori di annullare un contratto entro un certo periodo senza doverne specificare il motivo. Questo diritto \u00e8 particolar Read More fb tw ln Luglio [&hellip;]","og_url":"https:\/\/studioffm.it\/index.php\/blog-news\/","og_site_name":"Studio Legale Trevi","article_modified_time":"2024-07-23T09:49:19+00:00","twitter_card":"summary_large_image","twitter_misc":{"Tempo di lettura stimato":"1 minuto"},"schema":{"@context":"https:\/\/schema.org","@graph":[{"@type":"WebPage","@id":"https:\/\/studioffm.it\/index.php\/blog-news\/","url":"https:\/\/studioffm.it\/index.php\/blog-news\/","name":"Blog\/News - Studio Legale Trevi","isPartOf":{"@id":"https:\/\/studioffm.it\/#website"},"datePublished":"2024-05-20T15:54:36+00:00","dateModified":"2024-07-23T09:49:19+00:00","breadcrumb":{"@id":"https:\/\/studioffm.it\/index.php\/blog-news\/#breadcrumb"},"inLanguage":"it-IT","potentialAction":[{"@type":"ReadAction","target":["https:\/\/studioffm.it\/index.php\/blog-news\/"]}]},{"@type":"BreadcrumbList","@id":"https:\/\/studioffm.it\/index.php\/blog-news\/#breadcrumb","itemListElement":[{"@type":"ListItem","position":1,"name":"Home","item":"https:\/\/studioffm.it\/"},{"@type":"ListItem","position":2,"name":"Blog\/News"}]},{"@type":"WebSite","@id":"https:\/\/studioffm.it\/#website","url":"https:\/\/studioffm.it\/","name":"Studio Legale Trevi","description":"","potentialAction":[{"@type":"SearchAction","target":{"@type":"EntryPoint","urlTemplate":"https:\/\/studioffm.it\/?s={search_term_string}"},"query-input":{"@type":"PropertyValueSpecification","valueRequired":true,"valueName":"search_term_string"}}],"inLanguage":"it-IT"}]}},"_links":{"self":[{"href":"https:\/\/studioffm.it\/index.php\/wp-json\/wp\/v2\/pages\/10367","targetHints":{"allow":["GET"]}}],"collection":[{"href":"https:\/\/studioffm.it\/index.php\/wp-json\/wp\/v2\/pages"}],"about":[{"href":"https:\/\/studioffm.it\/index.php\/wp-json\/wp\/v2\/types\/page"}],"author":[{"embeddable":true,"href":"https:\/\/studioffm.it\/index.php\/wp-json\/wp\/v2\/users\/1"}],"replies":[{"embeddable":true,"href":"https:\/\/studioffm.it\/index.php\/wp-json\/wp\/v2\/comments?post=10367"}],"version-history":[{"count":8,"href":"https:\/\/studioffm.it\/index.php\/wp-json\/wp\/v2\/pages\/10367\/revisions"}],"predecessor-version":[{"id":10585,"href":"https:\/\/studioffm.it\/index.php\/wp-json\/wp\/v2\/pages\/10367\/revisions\/10585"}],"wp:attachment":[{"href":"https:\/\/studioffm.it\/index.php\/wp-json\/wp\/v2\/media?parent=10367"}],"curies":[{"name":"wp","href":"https:\/\/api.w.org\/{rel}","templated":true}]}}